
Let j = -2854 + 5100. What is the hundreds digit of j?
2
Let s = 463 + -448. What is the tens digit of s?
1
Suppose 2*i + 0*i - 396 = -2*o, -o - 3*i = -204. Suppose -t - 5*y = -6*t + o, 3*y + 33 = t. What is the tens digit of t?
4
Suppose -f - 2*y = -15, 0*f - 2*y + 54 = 4*f. What is the units digit of f/(-39)*(-297 - 0)?
9
Let w = -1208 + 2161. What is the tens digit of w?
5
Let w = 46 - 170. What is the units digit of 3/(-9) + w/(-3)?
1
Let h(x) = 3*x**2 - x. Let k be h(-4). Let r = -35 + k. Suppose 0 = l - 49 + r. What is the tens digit of l?
3
Let a(c) = c**3 - 14*c**2 + 6. Let x be a(15). Suppose 0 = y - x + 67. What is the units digit of y?
4
Let z = 13057 - 8538. What is the hundreds digit of z?
5
Let a be 2 - 1/((-1)/(-2)). Suppose -3*l - 18 + a = 0. What is the tens digit of l/(-4)*(-380)/(-30)?
1
Let a be (10 - -10)*14/8. Let m = a + -19. Suppose -3*k - m + 58 = 0. What is the units digit of k?
4
Suppose -3*x - 5 = 10. Let d(v) = -18*v - 13. Let n be d(x). Suppose 5*k - 10 = -y, 2*y - 2*k = -3*y + n. What is the units digit of y?
5
Let y(g) = 42*g - 58. What is the hundreds digit of y(7)?
2
Suppose -43*d + 39*d + 2444 = 0. What is the tens digit of d?
1
What is the tens digit of ((-20)/(-3))/((-7)/(-29400)*10)?
0
Let c = -5 - -18. Let g = 15 + c. Suppose -5*t = -4*t - g. What is the tens digit of t?
2
Let x(l) = 18*l**2 + 16*l - 181. What is the hundreds digit of x(8)?
0
Let t be (-4)/2*(4 + -5). Suppose -12 = 5*k - t*w, -20 = -w + 6*w. What is the units digit of (-2080)/(-45) + k/18?
6
Suppose -4*i = -5*k - 1121, -5*k + 63 = 4*i - 1008. Let b = i - 164. What is the units digit of b?
0
Suppose -37 + 12 = -5*v. Suppose v*q - 236 = -41. What is the tens digit of q?
3
Suppose 4*m + 25 = 9*m. Suppose 140 = -0*q + m*q. Let n = q - 4. What is the units digit of n?
4
Let a = -1230 - -2396. What is the thousands digit of a?
1
What is the units digit of (1575/(-18))/((-6)/36)?
5
Suppose 61*z - 67*z = -11640. What is the hundreds digit of z?
9
What is the hundreds digit of 5 - 580/(-6 - -2)?
1
Let h(t) = 266*t - 555. What is the thousands digit of h(9)?
1
Let h(d) = -11*d**3 + 4*d**2 + d + 3. Let r be h(-3). Suppose -5*v + 302 = -r. Let i = 188 - v. What is the tens digit of i?
6
Let c = 35 - 10. Suppose c = 7*j - 17. What is the units digit of j?
6
Suppose -2*l + 10 + 2 = 0. Let a be (8/(-12))/((-1)/l). Suppose -a*d - 12 = 0, 0*x + 2*x - 35 = 5*d. What is the units digit of x?
0
Let c = 92 - 84. Suppose -1061 = c*j - 3701. What is the hundreds digit of j?
3
Suppose -5826 = -3*b + 4608. What is the tens digit of b?
7
Let p = -46 + 79. Suppose 3*n - n - 2 = 0. What is the units digit of p + (4 - 2) - n?
4
Let t(g) = 769*g - 3. Let o be t(-5). What is the tens digit of 2/(-20) + o/(-80)?
4
Suppose 104*x - 7560 = 89*x. What is the hundreds digit of x?
5
Suppose 4*h + 68 = 2*c - 0*h, -4*h - 148 = -4*c. Let k = c - 32. What is the units digit of k?
8
Let o = 137 + 1240. What is the units digit of o?
7
Let y be ((-4)/(-6))/((-4)/(-48)). Let z be -4*2*(-4)/y. Suppose -4*a + 0*a - 3*m = -110, -8 = z*m. What is the tens digit of a?
2
Let g(b) = 8*b**2 - 4*b - 3. Let r be g(-2). Let p = r + -23. What is the units digit of p?
4
Suppose d - m + 2 = 0, 0 = 2*m - 6*m - 8. Let l = 4 + d. Suppose -h + l*h = 5*o - 28, 3*h = -2*o + 71. What is the units digit of h?
3
Suppose 0 = -2*v - 3*v + 4*v. Suppose -k + 11 - 2 = v. What is the units digit of k?
9
Suppose 0*z + 13 = 3*z - 4*c, -2*z - 4*c + 2 = 0. Suppose -3*i - 4 = 5, z*i = 5*n - 279. Suppose 5*u + 4 = 29, v - n = u. What is the units digit of v?
9
Let q(s) = -24*s + 4. Let d be q(-3). Let k = -136 + 82. Let z = d + k. What is the units digit of z?
2
What is the tens digit of 4/((-4)/(-5)) - -1574?
7
Suppose 36 = d - 73. What is the units digit of d?
9
Let k = 1139 + -573. What is the units digit of k?
6
Suppose 16 = -l - 1. Let i = l + 20. Suppose -3 + 39 = i*t. What is the units digit of t?
2
Suppose -6*p + 7192 = -1634. What is the hundreds digit of p?
4
Let x = -84 - -2064. What is the tens digit of x?
8
Let z = -32 + 36. Suppose -z*c - 570 = -9*c. What is the tens digit of c?
1
Let t be 24/12*(0 - -1). Suppose 80 = t*c - 2. What is the units digit of c?
1
Let o = -36 + 35. What is the tens digit of 86/6 + (8/(-6) - o)?
1
Let k(v) = v**2 - 9*v + 4. Let c be k(9). Suppose u = -3*b + 50 + c, 57 = u + 4*b. What is the tens digit of u?
4
Let s(w) = -166*w + 624. What is the thousands digit of s(-9)?
2
Suppose 0*m - 3*m - 4*v = -64, 2*m - 3*v - 20 = 0. Let q be 4*4/m + 2. Suppose -2*g = 4 - 2, 4*g = q*b - 166. What is the tens digit of b?
5
Suppose -5*i - 248 = 182. Let t = -50 - i. What is the tens digit of t?
3
Let u be (-6)/(-3) + -1 + 3. Suppose 7*r - u*r = 192. What is the tens digit of r?
6
Suppose -5 = f - 7. Suppose 3*c = -d, -f*d + 0*d = -4*c - 10. Suppose d*o = 6*o - 138. What is the units digit of o?
6
Let k = 4248 - 2960. What is the hundreds digit of k?
2
What is the tens digit of (-12)/30 + 213*(-37)/(-15)?
2
Let u(c) be the first derivative of c**2/2 + c + 1. Let v be u(-1). Suppose 5*k - 8*k + 15 = v. What is the units digit of k?
5
Let r be -2*(-3)/(-6*(-1)/4). Suppose 2*y + 40 = r*w - 372, 0 = -w - 2*y + 113. What is the hundreds digit of w?
1
Let u(k) be the second derivative of k**4/12 - k**3/6 + 60*k**2 + 38*k. What is the hundreds digit of u(0)?
1
Suppose 5*r = 15, m + r = 4 + 21. What is the tens digit of m?
2
Let h(i) = 9*i - 10*i - 7*i - 11*i - 1. Let f be h(-4). Suppose -4*a + 3*r + f = 0, 0 = 3*a + r - 2*r - 50. What is the tens digit of a?
1
Let o(d) = d**3 - 12*d**2 + 2*d - 18. Let k = 1 - -11. Let f be o(k). Suppose f*a - 7*a + 51 = 0. What is the tens digit of a?
5
Let v = 556 + 63. What is the units digit of v?
9
Let n = 3016 - 1617. What is the thousands digit of n?
1
Let j(p) = 86*p**3 + 1. Let f be j(1). Suppose 5*r + f = z - 44, -166 = -z - 2*r. What is the units digit of z?
6
Suppose 2*p = 5*x + 4*p + 30, 0 = 2*x + 3*p + 23. Let t(b) = -b**2 - 4*b + 2. Let s be t(x). Let h = 2 + s. What is the units digit of h?
4
Let k be (-1)/(2 - 115/55). Let z = 20 + k. What is the tens digit of z?
3
What is the units digit of 11/((4/20)/(1448/40))?
1
Suppose 0 = -i, -1993 = -4*n + 3*i - 549. What is the units digit of n?
1
Let x(u) = -u**3 - 13*u**2 - u - 10. Let c be x(-13). Suppose 3*i - c*s = 459, 5*i + 5*s - 765 = -0*s. What is the units digit of i?
3
Suppose 5*k = -4*f + 1125, 0 = -5*k - f + 4*f + 1125. What is the units digit of k?
5
Let u(n) = 8*n - 107 + 215 - 92 + 8*n. What is the units digit of u(7)?
8
Let r be 1 + (1 - 5)/(-4). Let b(y) = -6*y - 5. Let z be b(-11). Suppose r*t - z = 9. What is the units digit of t?
5
Let r(g) = 7*g - 7. Let a be r(1). Suppose a*j = j - 164. What is the tens digit of j?
6
Let j(a) = 11*a + 0 + 2 + a**2 - 13*a. Let c be j(2). Suppose -5*v + 67 - 2 = n, -2*n = -c*v - 94. What is the units digit of n?
0
Let i = 7 + -6. Let f = i - 1. Suppose -4*w + f*w = -2*z + 20, 3*z - 5*w - 34 = 0. What is the tens digit of z?
1
Suppose z - 13 - 10 = 0. Let l = 21 - z. What is the units digit of (4 + l)*2/4?
1
Let m(c) = -2*c**3 + 25*c**2 - 16*c + 5. Suppose -9*p + 121 = 2*p. What is the hundreds digit of m(p)?
1
Let x be 8/(5/(250/4)). Let v = 37 - -24. Let o = x - v. What is the tens digit of o?
3
Suppose 12655 = 5*t - 3*a, -38*t - 3*a = -37*t - 2513. What is the hundreds digit of t?
5
Let h = 376 + -226. What is the hundreds digit of h?
1
Let q be 6/((-9)/6*(-28)/(-21)). Let y = 11 - 5. What is the units digit of y/12*(-24)/q?
4
Let k(j) = 2*j + j**2 - 9*j + 4 + j. Let t be k(5). What is the units digit of (-4 - t)/(7/(-63))?
7
What is the tens digit of 2084*(6/(-8) - -1)?
2
Let d = 159 - -1367. What is the tens digit of d?
2
Suppose -2*o = 45 - 347. What is the tens digit of o?
5
What is the hundreds digit of (6 - ((-29445)/10 + 7))*2?
8
Let y(q) = -570*q - 412. What is the thousands digit of y(-4)?
1
Let u = 22 + -16. Let w be (-3)/u - 4/(-8). Suppose w = -d + 2*g + 31, 4*d - 5*g + 53 = 192. What is the tens digit of d?
4
Suppose k + 3*x - 20 = -2*x, -5*k - 2*x + 8 = 0. Suppose -i + f = -80, k = 2*i - 7*i + 2*f + 400. What is the tens digit of i?
8
Suppose -2*n = -4*m - 3*n + 352, -2*n - 340 = -4*m. Suppose -4*j = -j - m. Suppose -20 = 4*i, -4*v 